{"id":320,"date":"2019-03-23T13:06:34","date_gmt":"2019-03-23T12:06:34","guid":{"rendered":"http:\/\/lescalepaysanne.com\/?page_id=320"},"modified":"2019-04-16T13:39:49","modified_gmt":"2019-04-16T11:39:49","slug":"presse","status":"publish","type":"page","link":"https:\/\/lescalepaysanne.com\/index.php\/presse\/","title":{"rendered":"Presse"},"content":{"rendered":"\n<p style=\"text-align:right\" class=\"has-background has-very-light-gray-background-color\"><em>S\u00e9rent, 4 Avril &#8211; Radio Plum&rsquo;FM<\/em><\/p>\n\n\n\n<p>Retrouver-nous en direct sur la <strong>radio locale Plum&rsquo;FM <\/strong>de S\u00e9rent, le jeudi 4 avril \u00e0 12h. Au micro Florence et Maxime (Les Vaches Nous Rendent Ch\u00e8vres) pour raconter la gen\u00e8se de l&rsquo;Escale Paysanne.<\/p>\n\n\n\n<figure class=\"wp-block-audio\"><audio controls src=\"blob:http:\/\/lescalepaysanne.com\/344f934f-c65e-4f96-8460-f71881bf8804\"><\/audio><figcaption>\u00c9mission du 4 avril 2019 sur Plum&rsquo;FM <\/figcaption><\/figure>\n\n\n\n<p style=\"text-align:right\" class=\"has-background has-very-light-gray-background-color\"><em>S\u00e9rent, 28 Mars &#8211; Association Passeurs d&rsquo;Images et de Sons de S\u00e9rent<\/em><\/p>\n\n\n\n<p>En collaboration avec les <strong>Passeurs d&rsquo;Images et de Sons <\/strong>de S\u00e9rent, nous travaillons sur un <strong>moyen-m\u00e9trage<\/strong> autour du <strong>\u00ab\u00a0faire ensemble\u00a0\u00bb <\/strong>\u00e0 partir du 28 mars. D\u00e9couvrez prochainement les premi\u00e8res images.<\/p>\n\n\n\n<p style=\"text-align:right\" class=\"has-background has-very-light-gray-background-color\"><em>Malestroit, 27 Mars 2019 &#8211; Infos Pays de Plo\u00ebrmel<\/em><\/p>\n\n\n\n<p>Parution dans le journal \u00ab\u00a0les Infos Pays de Plo\u00ebrmel\u00a0\u00bb. Article r\u00e9alis\u00e9 par JF.<br><\/p>\n\n\n\n<ul class=\"wp-block-gallery columns-3 is-cropped wp-block-gallery-1 is-layout-flex wp-block-gallery-is-layout-flex\"><li class=\"blocks-gallery-item\"><figure><img loading=\"lazy\" decoding=\"async\" width=\"768\" height=\"1024\" src=\"http:\/\/lescalepaysanne.com\/wp-content\/uploads\/2019\/03\/IMG_20190327_164726-768x1024.jpg\" alt=\"\" data-id=\"473\" data-link=\"http:\/\/lescalepaysanne.com\/index.php\/presse\/img_20190327_164726\/\" class=\"wp-image-473\" srcset=\"https:\/\/lescalepaysanne.com\/wp-content\/uploads\/2019\/03\/IMG_20190327_164726-768x1024.jpg 768w, https:\/\/lescalepaysanne.com\/wp-content\/uploads\/2019\/03\/IMG_20190327_164726-225x300.jpg 225w\" sizes=\"auto, (max-width: 768px) 100vw, 768px\" \/><\/figure><\/li><li class=\"blocks-gallery-item\"><figure><img loading=\"lazy\" decoding=\"async\" width=\"768\" height=\"1024\" src=\"http:\/\/lescalepaysanne.com\/wp-content\/uploads\/2019\/03\/IMG_20190327_164928-768x1024.jpg\" alt=\"\" data-id=\"474\" data-link=\"http:\/\/lescalepaysanne.com\/index.php\/presse\/img_20190327_164928\/\" class=\"wp-image-474\" srcset=\"https:\/\/lescalepaysanne.com\/wp-content\/uploads\/2019\/03\/IMG_20190327_164928-768x1024.jpg 768w, https:\/\/lescalepaysanne.com\/wp-content\/uploads\/2019\/03\/IMG_20190327_164928-225x300.jpg 225w\" sizes=\"auto, (max-width: 768px) 100vw, 768px\" \/><\/figure><\/li><li class=\"blocks-gallery-item\"><figure><img loading=\"lazy\" decoding=\"async\" width=\"768\" height=\"1024\" src=\"http:\/\/lescalepaysanne.com\/wp-content\/uploads\/2019\/03\/IMG_20190327_164938-768x1024.jpg\" alt=\"\" data-id=\"475\" data-link=\"http:\/\/lescalepaysanne.com\/index.php\/presse\/img_20190327_164938\/\" class=\"wp-image-475\" srcset=\"https:\/\/lescalepaysanne.com\/wp-content\/uploads\/2019\/03\/IMG_20190327_164938-768x1024.jpg 768w, https:\/\/lescalepaysanne.com\/wp-content\/uploads\/2019\/03\/IMG_20190327_164938-225x300.jpg 225w\" sizes=\"auto, (max-width: 768px) 100vw, 768px\" \/><\/figure><\/li><\/ul>\n\n\n\n<p style=\"text-align:right\" class=\"has-background has-very-light-gray-background-color\"><em>Plo\u00ebrmel, 22 Mars 2019 &#8211; Association POLEN<\/em><\/p>\n\n\n\n<p><strong>Association POLEN : Soir\u00e9e \u00ab\u00a0Nouveau monde\u00a0\u00bb<\/strong><\/p>\n\n\n\n<p>Dans le cadre d&rsquo;une projection du film \u00ab\u00a0Nouveau monde\u00a0\u00bb de Yann Richet, L&rsquo;Escale Paysanne a \u00e9t\u00e9 invit\u00e9e pour pr\u00e9senter le projet de l&rsquo;\u00e9picerie.<\/p>\n\n\n\n<div class=\"wp-block-image\"><figure class=\"aligncenter is-resized\"><img loading=\"lazy\" decoding=\"async\" src=\"http:\/\/lescalepaysanne.com\/wp-content\/uploads\/2019\/03\/20190322_POLEN-Soir\u00e9e-Nouveau-Monde-1024x768.jpg\" alt=\"\" class=\"wp-image-408\" width=\"259\" height=\"193\" srcset=\"https:\/\/lescalepaysanne.com\/wp-content\/uploads\/2019\/03\/20190322_POLEN-Soir\u00e9e-Nouveau-Monde-1024x768.jpg 1024w, https:\/\/lescalepaysanne.com\/wp-content\/uploads\/2019\/03\/20190322_POLEN-Soir\u00e9e-Nouveau-Monde-300x225.jpg 300w, https:\/\/lescalepaysanne.com\/wp-content\/uploads\/2019\/03\/20190322_POLEN-Soir\u00e9e-Nouveau-Monde-768x576.jpg 768w, https:\/\/lescalepaysanne.com\/wp-content\/uploads\/2019\/03\/20190322_POLEN-Soir\u00e9e-Nouveau-Monde.jpg 1984w\" sizes=\"auto, (max-width: 259px) 100vw, 259px\" \/><\/figure><\/div>\n\n\n\n<p class=\"has-small-font-size\">Gauche de la photo : St\u00e9phanie DOLO (les Vaches Nous Rendent Ch\u00e8vres), droite : Florence LUY-DURAND<\/p>\n\n\n\n<p style=\"text-align:right\" class=\"has-background has-very-light-gray-background-color\"><em>S\u00e9rent, 14 Mars 2019 &#8211; Info du Pays Gallo<\/em><\/p>\n\n\n\n<p><strong>Prix \u00ab\u00a0Coup de c\u0153ur\u00a0\u00bb Troph\u00e9e de la Vie Locale de Malestroit<\/strong><\/p>\n\n\n\n<p> Le Troph\u00e9e de la Vie Locale d\u00e9cern\u00e9e par le Cr\u00e9dit Agricole de Malestroit a pour objet de promouvoir les actions qui contribuent \u00e0 l&rsquo;<strong>animation de la vie locale<\/strong>. <\/p>\n\n\n\n<figure class=\"wp-block-embed-wordpress wp-block-embed is-type-wp-embed is-provider-les-infos-du-pays-gallo\"><div class=\"wp-block-embed__wrapper\">\nhttps:\/\/www.lesinfosdupaysgallo.com\/2019\/03\/14\/malestroit-serent-les-trophees-de-la-vie-locale-du-credit-agricole-2\/\n<\/div><\/figure>\n\n\n\n<p style=\"text-align:right\" class=\"has-background has-very-light-gray-background-color\"><em>Malestroit, 13 F\u00e9vrier 2019 &#8211; Info du Pays Gallo<\/em><\/p>\n\n\n\n<figure class=\"wp-block-embed-wordpress wp-block-embed is-type-wp-embed is-provider-les-infos-du-pays-gallo\"><div class=\"wp-block-embed__wrapper\">\nhttps:\/\/www.lesinfosdupaysgallo.com\/2019\/02\/13\/malestroit-lescale-paysanne-sinstalle-place-queinnec\/\n<\/div><\/figure>\n\n\n\n<p style=\"text-align:right\" class=\"has-background has-very-light-gray-background-color\"><em>Lorient, 20 Septembre 2018 &#8211; Ouest France<\/em><\/p>\n\n\n\n<p><strong>Finaliste du concours EcoVisionnaires organis\u00e9 par Femmes de Bretagne<\/strong><\/p>\n\n\n\n<p> Le prix \u00c9coVisionnaires a pour objet de valoriser et r\u00e9compenser des initiatives innovantes men\u00e9es par des femmes faisant rimer <strong>performance \u00e9conomique<\/strong> et <strong>d\u00e9veloppement durable<\/strong>. <\/p>\n\n\n\n<p>Les cinq premiers troph\u00e9es EcoVisonnaires du r\u00e9seau \nFemmes de Bretagne seront remis jeudi 20 septembre \u00e0 la Cit\u00e9 de la voile\n EricTabarly \u00e0 Lorient. 14 entreprises ou associations dirig\u00e9es par des \nfemmes et inspirantes sont pr\u00e9s\u00e9lectionn\u00e9es. Inscription gratuite en \nligne pour assister \u00e0 la soir\u00e9e<\/p>\n\n\n\n<p>80 dossiers re\u00e7us, 14 pr\u00e9s\u00e9lections et cinq premiers prix d\u00e9cern\u00e9s jeudi, \u00e0 la Cit\u00e9 de la voile de Lorient par Femmes de Bretagne.  Sa fondatrice Marie Eloy, voulait concr\u00e9tiser la r\u00e9ussite de ce r\u00e9seau  d&rsquo;entraides pour entreprendre en mettant en avant des entreprises ou  association qui pr\u00f4nent la pr\u00e9servation de l\u2019environnement, la promotion  d&rsquo;une \u00e9conomie responsable et performante et l&rsquo;innovation sociale.<\/p>\n\n\n\n<p style=\"font-size:12px\">Cliquer <a href=\"https:\/\/www.ouest-france.fr\/economie\/entreprises\/femmes-de-bretagne\/femmes-de-bretagne-les-cinq-premiers-prix-ecovisionnaires-devoiles-jeudi-lorient-5972921\">ici<\/a> pour voir l&rsquo;article<\/p>\n\n\n\n<figure class=\"wp-block-image\"><img loading=\"lazy\" decoding=\"async\" width=\"1024\" height=\"579\" src=\"http:\/\/lescalepaysanne.com\/wp-content\/uploads\/2019\/03\/74225bbfd4bb64a2923678b9ea030249-femmes-de-bretagne-les-cinq-premiers-prix-ecovisionnaires-devoiles-jeudi-lorient-1024x579.jpg\" alt=\"\" class=\"wp-image-324\" srcset=\"https:\/\/lescalepaysanne.com\/wp-content\/uploads\/2019\/03\/74225bbfd4bb64a2923678b9ea030249-femmes-de-bretagne-les-cinq-premiers-prix-ecovisionnaires-devoiles-jeudi-lorient-1024x579.jpg 1024w, https:\/\/lescalepaysanne.com\/wp-content\/uploads\/2019\/03\/74225bbfd4bb64a2923678b9ea030249-femmes-de-bretagne-les-cinq-premiers-prix-ecovisionnaires-devoiles-jeudi-lorient-300x170.jpg 300w, https:\/\/lescalepaysanne.com\/wp-content\/uploads\/2019\/03\/74225bbfd4bb64a2923678b9ea030249-femmes-de-bretagne-les-cinq-premiers-prix-ecovisionnaires-devoiles-jeudi-lorient-768x434.jpg 768w, https:\/\/lescalepaysanne.com\/wp-content\/uploads\/2019\/03\/74225bbfd4bb64a2923678b9ea030249-femmes-de-bretagne-les-cinq-premiers-prix-ecovisionnaires-devoiles-jeudi-lorient.jpg 1260w\" sizes=\"auto, (max-width: 1024px) 100vw, 1024px\" \/><\/figure>\n\n\n\n<ul class=\"wp-block-gallery columns-3 is-cropped wp-block-gallery-2 is-layout-flex wp-block-gallery-is-layout-flex\"><li class=\"blocks-gallery-item\"><figure><img loading=\"lazy\" decoding=\"async\" width=\"1024\" height=\"768\" src=\"http:\/\/lescalepaysanne.com\/wp-content\/uploads\/2019\/03\/IMG_20180920_152509-1024x768.jpg\" alt=\"\" data-id=\"411\" data-link=\"http:\/\/lescalepaysanne.com\/index.php\/presse\/img_20180920_152509\/\" class=\"wp-image-411\" srcset=\"https:\/\/lescalepaysanne.com\/wp-content\/uploads\/2019\/03\/IMG_20180920_152509-1024x768.jpg 1024w, https:\/\/lescalepaysanne.com\/wp-content\/uploads\/2019\/03\/IMG_20180920_152509-300x225.jpg 300w, https:\/\/lescalepaysanne.com\/wp-content\/uploads\/2019\/03\/IMG_20180920_152509-768x576.jpg 768w\" sizes=\"auto, (max-width: 1024px) 100vw, 1024px\" \/><\/figure><\/li><li class=\"blocks-gallery-item\"><figure><img loading=\"lazy\" decoding=\"async\" width=\"1024\" height=\"683\" src=\"http:\/\/lescalepaysanne.com\/wp-content\/uploads\/2019\/03\/lattente-des-r\u00e9sultats-candidates-1024x683.jpg\" alt=\"\" data-id=\"412\" data-link=\"http:\/\/lescalepaysanne.com\/index.php\/presse\/lattente-des-resultats-candidates\/\" class=\"wp-image-412\" srcset=\"https:\/\/lescalepaysanne.com\/wp-content\/uploads\/2019\/03\/lattente-des-r\u00e9sultats-candidates-1024x683.jpg 1024w, https:\/\/lescalepaysanne.com\/wp-content\/uploads\/2019\/03\/lattente-des-r\u00e9sultats-candidates-300x200.jpg 300w, https:\/\/lescalepaysanne.com\/wp-content\/uploads\/2019\/03\/lattente-des-r\u00e9sultats-candidates-768x512.jpg 768w\" sizes=\"auto, (max-width: 1024px) 100vw, 1024px\" \/><\/figure><\/li><li class=\"blocks-gallery-item\"><figure><img loading=\"lazy\" decoding=\"async\" width=\"1024\" height=\"683\" src=\"http:\/\/lescalepaysanne.com\/wp-content\/uploads\/2019\/03\/IMG_8322-Modifier-1024x683.jpg\" alt=\"\" data-id=\"413\" data-link=\"http:\/\/lescalepaysanne.com\/index.php\/presse\/img_8322-modifier\/\" class=\"wp-image-413\" srcset=\"https:\/\/lescalepaysanne.com\/wp-content\/uploads\/2019\/03\/IMG_8322-Modifier-1024x683.jpg 1024w, https:\/\/lescalepaysanne.com\/wp-content\/uploads\/2019\/03\/IMG_8322-Modifier-300x200.jpg 300w, https:\/\/lescalepaysanne.com\/wp-content\/uploads\/2019\/03\/IMG_8322-Modifier-768x512.jpg 768w\" sizes=\"auto, (max-width: 1024px) 100vw, 1024px\" \/><\/figure><\/li><li class=\"blocks-gallery-item\"><figure><img loading=\"lazy\" decoding=\"async\" width=\"1024\" height=\"683\" src=\"http:\/\/lescalepaysanne.com\/wp-content\/uploads\/2019\/03\/IMG_8297-1024x683.jpg\" alt=\"\" data-id=\"414\" data-link=\"http:\/\/lescalepaysanne.com\/index.php\/presse\/img_8297\/\" class=\"wp-image-414\" srcset=\"https:\/\/lescalepaysanne.com\/wp-content\/uploads\/2019\/03\/IMG_8297-1024x683.jpg 1024w, https:\/\/lescalepaysanne.com\/wp-content\/uploads\/2019\/03\/IMG_8297-300x200.jpg 300w, https:\/\/lescalepaysanne.com\/wp-content\/uploads\/2019\/03\/IMG_8297-768x512.jpg 768w\" sizes=\"auto, (max-width: 1024px) 100vw, 1024px\" \/><\/figure><\/li><li class=\"blocks-gallery-item\"><figure><img loading=\"lazy\" decoding=\"async\" width=\"1024\" height=\"567\" src=\"http:\/\/lescalepaysanne.com\/wp-content\/uploads\/2019\/03\/IMG_8582-1024x567.jpg\" alt=\"\" data-id=\"415\" data-link=\"http:\/\/lescalepaysanne.com\/index.php\/presse\/img_8582\/\" class=\"wp-image-415\" srcset=\"https:\/\/lescalepaysanne.com\/wp-content\/uploads\/2019\/03\/IMG_8582-1024x567.jpg 1024w, https:\/\/lescalepaysanne.com\/wp-content\/uploads\/2019\/03\/IMG_8582-300x166.jpg 300w, https:\/\/lescalepaysanne.com\/wp-content\/uploads\/2019\/03\/IMG_8582-768x425.jpg 768w\" sizes=\"auto, (max-width: 1024px) 100vw, 1024px\" \/><\/figure><\/li><\/ul>\n\n\n\n<p class=\"has-small-font-size\">Cliquer <a href=\"http:\/\/ecovisionnaires.fr\/\">ici<\/a> pour le site www.ecovisionnaires.fr<\/p>\n","protected":false},"excerpt":{"rendered":"<p>S\u00e9rent, 4 Avril &#8211; Radio Plum&rsquo;FM Retrouver-nous en direct sur la radio locale Plum&rsquo;FM de S\u00e9rent, le jeudi 4 avril \u00e0 12h. Au micro Florence et Maxime (Les Vaches Nous Rendent Ch\u00e8vres) pour raconter la gen\u00e8se de l&rsquo;Escale Paysanne. S\u00e9rent, 28 Mars &#8211; Association Passeurs d&rsquo;Images et de Sons de S\u00e9rent En collaboration avec les Passeurs d&rsquo;Images et de Sons de S\u00e9rent, nous travaillons sur un moyen-m\u00e9trage autour du \u00ab\u00a0faire ensemble\u00a0\u00bb \u00e0 partir du 28 mars. D\u00e9couvrez prochainement les premi\u00e8res&#8230;<\/p>\n<p class=\"read-more\"><a class=\"btn btn-default\" href=\"https:\/\/lescalepaysanne.com\/index.php\/presse\/\">Lire la suite<span class=\"screen-reader-text\"> Lire la suite<\/span><\/a><\/p>\n","protected":false},"author":1,"featured_media":0,"parent":0,"menu_order":0,"comment_status":"closed","ping_status":"closed","template":"","meta":{"footnotes":""},"class_list":["post-320","page","type-page","status-publish","hentry"],"_links":{"self":[{"href":"https:\/\/lescalepaysanne.com\/index.php\/wp-json\/wp\/v2\/pages\/320","targetHints":{"allow":["GET"]}}],"collection":[{"href":"https:\/\/lescalepaysanne.com\/index.php\/wp-json\/wp\/v2\/pages"}],"about":[{"href":"https:\/\/lescalepaysanne.com\/index.php\/wp-json\/wp\/v2\/types\/page"}],"author":[{"embeddable":true,"href":"https:\/\/lescalepaysanne.com\/index.php\/wp-json\/wp\/v2\/users\/1"}],"replies":[{"embeddable":true,"href":"https:\/\/lescalepaysanne.com\/index.php\/wp-json\/wp\/v2\/comments?post=320"}],"version-history":[{"count":28,"href":"https:\/\/lescalepaysanne.com\/index.php\/wp-json\/wp\/v2\/pages\/320\/revisions"}],"predecessor-version":[{"id":530,"href":"https:\/\/lescalepaysanne.com\/index.php\/wp-json\/wp\/v2\/pages\/320\/revisions\/530"}],"wp:attachment":[{"href":"https:\/\/lescalepaysanne.com\/index.php\/wp-json\/wp\/v2\/media?parent=320"}],"curies":[{"name":"wp","href":"https:\/\/api.w.org\/{rel}","templated":true}]}}